2 - -627. Determine h(q).
-45
Let m(s) be the third derivative of 5/24*s**4 - 2*s**2 + 1/120*s**6 - 2/3*s**3 - 1/12*s**5 + 0*s + 0. Let n = 131 - 127. Give m(n).
0
Suppose -12*t = -2*t. Suppose 5*l - 4 = -2*f, -3*l + f + 2*f - 6 = t. Let o(z) = z**3 + 0*z + 12 + 4*z - z**2 - 3*z. Calculate o(l).
12
Let n(a) = a**2 - 9*a + 3. Let u(g) = -1 + 2 + 3*g + 0 - 2. Let r(h) = -2*n(h) - 7*u(h). Give r(-3).
-8
Let t = 400 - 398. Let g(d) be the first derivative of 1/3*d**3 + 1 - 2*d**2 - t*d. Give g(5).
3
Suppose 0 = -5*q + 3*v + 23, -2*q = q + v - 11. Suppose q*f + 18 - 6 = 0. Let m(r) = -8*r - 8. Let h(u) = u + 1. Let t(x) = -12*h(x) - 2*m(x). Calculate t(f).
-8
Let g be 1 - (3/(-2))/(15/8180). Let a(z) = -1 - 3*z + 1 - g*z**2 - 1 + 818*z**2. What is a(-4)?
-5
Let f(r) = -9*r + 1. Let m(u) = 9*u - 1. Let s(c) = -3*f(c) - 4*m(c). Give s(-2).
19
Let p(g) = -10965*g**2 + 6*g + 8 + g**3 - 2 + 10972*g**2. Calculate p(-6).
6
Let v be 2 + 2 - (-1 - 0). Suppose -v*k = -2 - 8. Let o(u) = 1 - 31*u**3 + 22*u**3 + u**2 - k. Give o(-1).
9
Let r(a) be the second derivative of a**5/20 + a**4/3 + a**3 - a**2/2 - 36*a - 3. Determine r(-3).
-10
Let h(j) be the second derivative of 5/2*j**2 - 24*j + 1/6*j**3 + 0 - 1/20*j**5 + 5/12*j**4. Determine h(5).
10
Let m(d) = d**2 + 3*d - 4. Let r = -95 - -125. Suppose 28*o - r = 33*o. Give m(o).
14
Let a(s) be the second derivative of 2*s + 0 + 1/20*s**5 + 1/3*s**3 - 1/2*s**2 - 1/12*s**4. Calculate a(2).
7
Suppose i + 27 = -5*l, l + 21 = -l + 3*i. Let x(b) = b. Let y(s) = s**2 + 7*s - 2. Let g(d) = -x(d) + y(d). What is g(l)?
-2
Suppose 5*p - 32 + 97 = 0. Let t be (0 - 0)/(12 + p). Suppose l + 2 - 5 = t. Let s(x) = -x**2 - x + 4. Give s(l).
-8
Let u(v) = v**2 - 9*v + 4. Let j = 664 + -656. Determine u(j).
-4
Let c(w) = 3*w + 2. Suppose l + 2*p = 15, -4*p = 5*l - 6*p - 111. Let f = l - 17. Determine c(f).
14
Let k(d) = 6*d**2 - 30*d + 61. Let v(l) = -l**2 + 6*l - 12. Let r = 54 + -52. Let o(q) = r*k(q) + 11*v(q). Give o(-7).
-3
Let b(f) be the first derivative of -5 + 5/2*f**2 - 1/12*f**4 + 0*f - 2/3*f**3 + 1/60*f**5. Let d(z) be the second derivative of b(z). What is d(4)?
4
Let k(d) be the second derivative of d**3/3 - 5*d**2/2 - 14*d. Let q = -112 - -117. Give k(q).
5
Let j(o) = o - 3. Let r be j(-3). Let k = r - -9. Let d(c) = -k*c**2 + 2*c**2 + 2 - 5 + 4 + 4*c. Calculate d(3).
4
Let p(b) be the second derivative of 1/12*b**4 + 1/2*b**3 + 0 - 3/2*b**2 - 40*b. Suppose 4*q + 16 = -4*u, 4*q - 2*u - 10 = -32. What is p(q)?
7
Let f be (8/10)/((-2)/(-10)). Let l(m) = f + 0 - 3 - m. Let o be (-9)/(-6) + 18/(-4) - -9. Calculate l(o).
-5
Let o(p) = -p**2 - 5*p - 4. Let g = -21 + 11. Let r be (-2)/6 + g/(-3). Suppose -r*w - 7 = 8. Calculate o(w).
-4
Let z be 1/(-7) - (-56)/49. Let v be z + 1 - (6 - -27). Let g = v + 33. Let b(l) = -l**2 + l + 2. Determine b(g).
0
Let b(m) = -m + 33. Let n be b(19). Let a = n + -19. Let g(s) = s**3 + 4*s**2 - 8*s - 4. What is g(a)?
11
Let n(j) be the third derivative of -j**5/60 - 31*j**3/6 - 5*j**2. Determine n(0).
-31
Let b(q) = q + 1. Let f be b(4). Let d be (8/(-40))/(-4*(-4)/(-240)). Let s(k) = -d*k - 4*k + f*k + 3*k. Give s(0).
0
Let h(o) = -20*o**3 + o. Let m be h(-1). Suppose 6*b - 5 = m. Let u(r) = 4*r + 1. Give u(b).
17
Let y(k) = 93*k**2 + 41*k + 46. Let f(u) = 43*u**2 + 20*u + 23. Let w(c) = 13*f(c) - 6*y(c). Calculate w(-11).
-10
Suppose g = v - 2, -10*g + 4*v - 14 = -8*g. Let k(x) = 13*x + 3. Let p be k(3). Let y be 8/g + 14/p. Let q(n) = -n**3 + 4*n**2 - 4*n + 3. Determine q(y).
0
Let u(v) = v - 6. Let g(d) = d. Let j(z) = -4*z + 1. Let l(n) = -22*g(n) - 6*j(n). Let s(x) = 3*l(x) - 4*u(x). Give s(-5).
-4
Let z(r) = -r**2 + 6*r + 5. Let n be (5/(-3))/((-20)/24). Let s(o) = 38*o + n - 12 - 41*o. Let x be s(-5). Determine z(x).
10
Let i(k) be the first derivative of -13*k**4/4 + k**2/2 + 10. Suppose -42 - 3 = 3*l. Let f = -16 - l. What is i(f)?
12
Let l(n) be the first derivative of n**4/4 - 7*n**3/3 - 3*n**2 - 3*n + 259. Determine l(8).
13
Let x(h) = -h**3 + 5*h**2 - 4*h + 2. Suppose l - 7*l + 48 = 0. Suppose 4*y - 4 - l = 0. Calculate x(y).
8
Let i be (14 - 14)*(-4)/(-8). Let z(q) = q**3 + q**2 - 3*q - 1. Let w(c) = -2*c**3 - c**2 + 4*c + 1. Let m(x) = 2*w(x) + 3*z(x). Determine m(i).
-1
Let q(z) = 3381*z + 2 - 3389*z - 1. Suppose 0 = 3*i - r - 10, -3*r - 16 = r. Determine q(i).
-15
Let l(f) be the third derivative of f**7/2520 + f**6/180 + f**5/120 - f**4/24 + 3*f**2. Let c(g) be the second derivative of l(g). Determine c(-5).
6
Let c(y) = 7*y + 32. Let o(m) = -m - 5. Let r(s) = 2*c(s) + 13*o(s). Let k = -5 + 3. Let g(u) = -2*u**2 - 4*u - 3. Let a be g(k). What is r(a)?
-4
Let y(w) = -2*w**3 + 10*w**2 - 10*w - 5. Let o be y(6). Let p = o + 132. Let n(k) = -k**2 - 5*k - 3. What is n(p)?
-3
Let n(x) = -3*x**3 + 9*x**2 - 5*x - 3. Let g(i) = 2*i**3 - 5*i**2 + 2*i + 2. Let m(w) = 5*g(w) + 3*n(w). Calculate m(-4).
-11
Let f(a) be the second derivative of 2*a**5/5 + a**4/12 - a**3/6 + 210*a. Calculate f(1).
8
Let b(v) = v**3 + v**2. Let n be b(0). Let p(w) = -7*w - 5 + n*w + 6*w. Calculate p(-4).
-1
Let p be 3 + 0 + -3 - 0. Suppose 5*r = -p*r + 75. Let s(y) = r*y**3 + 1 + 2*y**2 - 3*y - y - y + 7*y. Calculate s(-1).
-14
Let q(t) = 7*t + t + 0*t - t**3 + 6*t**2 + 10*t + 0*t - 6. What is q(8)?
10
Let y be ((-9)/((-18)/8))/(-1). Let z(g) be the third derivative of -g**6/120 - g**5/15 + g**4/24 - g**3/6 - 14*g**2 + g. Determine z(y).
-5
Let x = -27 + 32. Suppose x*k - 32 = 4*y, -2*y = -4*k - 0 + 22. Suppose 0 = -u, -2*n + 2 = -k*n - 5*u. Let w(l) = 5*l - 1. Give w(n).
-6
Let z(f) = 7*f**3 + 6*f**2 - 11*f + 14. Let l(x) = x**3 - 2*x + 1. Let h(w) = 6*l(w) - z(w). Calculate h(-6).
-2
Let g be (-2)/8 - (-102)/24. Suppose g*v - 29 = -a, -3*v - 9 = -6*v - 5*a. Let u(f) = 8 + 6*f - v. Determine u(1).
6
Suppose -t - 4 + 6 = 0. Let i(m) = 0 + 4 - 21*m**t + 2*m - m**3 + 18*m**2 - 1. Give i(-3).
-3
Let z(y) be the first derivative of 2*y**2 + 4*y - 1. Suppose 5*b + 26 - 35 = -4*o, -4*o = -b + 21. Give z(o).
-12
Let y(u) = -2*u + 28. Let s be y(0). Let z = -27 + s. Let a(t) = 2*t**3. Give a(z).
2
Let l be ((-504)/140)/(-1*4/(-10)). Let p(k) = k**3 + 9*k**2 - 4*k - 11. Calculate p(l).
25
Let j = 1 - 0. Let r(d) = 17*d**2 + 14*d + 5. Let p(n) = 50*n**2 + 40*n + 14. Let q(m) = 6*p(m) - 17*r(m). What is q(j)?
12
Let m(u) be the third derivative of -u**6/120 - 11*u**5/60 + u**4/24 + 7*u**3/3 - 2*u**2 - 12. Calculate m(-11).
3
Suppose -4*p + 58 - 41 = d, d = -5*p + 22. Let c(x) = -7*x**2 - 3*x + 1. Give c(d).
-53
Let y(k) = k + 16. Let c be y(-7). Suppose -2*f - c = -3*f. Let z = f + -8. Let p(g) = -6*g**2 + g. Calculate p(z).
-5
Let h(z) = z**3 + 8*z**2 + 8. Let q = 197 + -205. What is h(q)?
8
Let a(g) be the third derivative of 3/40*g**5 + 0*g + 5/6*g**3 + 5/12*g**4 + 1/360*g**6 - 9*g**2 + 0. Let u(v) be the first derivative of a(v). Calculate u(-8).
2
Let d = 6216 + -3587. Let t(p) = -d + 7*p - p**2 + 2629. Determine t(5).
10
Let v(y) = -46 - 44 - 2*y + 85. Give v(-5).
5
Let w(x) = -x**3 - 9*x**2 - 9*x - 3. Let t = 715 - 707. Let u(f) = -f**3 - 6*f**2 - 6*f - 5. Let a be u(-5). Suppose a*g = g + t. What is w(g)?
5
Let f(j) = -3*j**3 + j**2 + 2*j - 1. Suppose 2*n + 2 = 2*c, n + 4 = -0*c + 2*c. Give f(n).
-17
Let v(q) = -21 + 5 + 12 - 2*q**3 + 5 - 26*q**3. Determine v(-1).
29
Let a(g) be the second derivative of -g**5/20 + 5*g**4/12 - 2*g**3/3 - 5*g**2/2 + 29*g. Suppose -8*s + 7*s + 4 = 0. Give a(s).
-5
Let b(l) = -l**2 - 9*l - 2. Let s be 10/(-4) + (-5 - (-22)/4). Let a be s/((12/5)/6). What is b(a)?
18
Let g(a) = -a + 4. Let l be g(7). Let x(n) = n**2 - 3*n + 5. Let u be x(3). Let p(r) = 2 + u - 2*r - 2 - 2. Determine p(l).
9
Let v = -41 - -45. Suppose -v*n + 4*u + 8 = 0, 0*n + 4*n + 4 = u. Let r(a) = -8*a - 2. Give r(n).
14
Let q(i) = -2*i**2 + 3*i - 1. Let d(u) be the second derivative of u**4/2 - 3*u**3/2 + 3*u**2/2 + 2*u. Let s(r) = -2*d(r) - 7*q(r). Determine s(2).
3
Let z(l) = l - 5. Suppose x = -3*x + 12. Let h be z(x). Let y be (h/6)/((-2)/(-18)). Let m(w) = -w. What is m(y)?
3
Let p(n) be the second derivative of n**3/3 - 6*n**2 - 125*n. Determine p(8).
4
Let a(o) be the third derivative of -o**4/24 + 3*o**3/2 - 6*o**2 - 2*o. What is a(-7)?
16
Let w(r) be the third derivative of r**6/180 - r**4/24 -